inder when 14953964 is divided by 31.
29
What is the remainder when 160584 is divided by 40132?
56
What is the remainder when 684319 is divided by 2795?
2339
Calculate the remainder when 1922461 is divided by 11581.
15
What is the remainder when 24712053 is divided by 9?
6
What is the remainder when 950217 is divided by 224?
9
Calculate the remainder when 92152746 is divided by 59.
56
What is the remainder when 100690160 is divided by 718?
712
What is the remainder when 1219059 is divided by 4975?
184
Calculate the remainder when 344367 is divided by 86042.
199
What is the remainder when 473484583 is divided by 21?
19
What is the remainder when 276164 is divided by 292?
224
Calculate the remainder when 7737163 is divided by 18871.
53
What is the remainder when 51929728 is divided by 2702?
2692
What is the remainder when 134923 is divided by 111?
58
What is the remainder when 225391 is divided by 31730?
3281
What is the remainder when 3000009 is divided by 2457?
12
Calculate the remainder when 88375 is divided by 4015.
45
What is the remainder when 147694 is divided by 147634?
60
What is the remainder when 40564 is divided by 2898?
2890
Calculate the remainder when 7675497 is divided by 1013.
1009
What is the remainder when 233543 is divided by 2385?
2198
Calculate the remainder when 66876837 is divided by 270.
267
Calculate the remainder when 359944 is divided by 179827.
290
What is the remainder when 204366 is divided by 212?
210
Calculate the remainder when 445450 is divided by 3872.
170
What is the remainder when 335912 is divided by 553?
241
Calculate the remainder when 5499975 is divided by 225.
75
Calculate the remainder when 1298673 is divided by 3629.
3120
Calculate the remainder when 624644 is divided by 11567.
26
What is the remainder when 1403776 is divided by 28?
24
Calculate the remainder when 27245 is divided by 31.
27
Calculate the remainder when 129303 is divided by 32321.
19
Calculate the remainder when 903531 is divided by 36141.
6
What is the remainder when 700874488 is divided by 2016?
2008
What is the remainder when 6080931 is divided by 1216165?
106
What is the remainder when 655 is divided by 360?
295
Calculate the remainder when 2550487 is divided by 510044.
267
Calculate the remainder when 857752 is divided by 326.
46
What is the remainder when 34060210 is divided by 17584?
2
Calculate the remainder when 33180 is divided by 2191.
315
What is the remainder when 273202875 is divided by 19?
13
What is the remainder when 977407 is divided by 3?
1
Calculate the remainder when 134471 is divided by 13.
12
What is the remainder when 17039153 is divided by 17039131?
22
Calculate the remainder when 59949336 is divided by 44.
40
Calculate the remainder when 31743848 is divided by 1766.
1764
What is the remainder when 5118565 is divided by 36046?
33
Calculate the remainder when 38825000 is divided by 732547.
9
Calculate the remainder when 258020 is divided by 34.
28
What is the remainder when 196307 is divided by 14993?
1398
What is the remainder when 12342668 is divided by 458?
26
What is the remainder when 71258 is divided by 116?
34
What is the remainder when 23564142 is divided by 5?
2
What is the remainder when 12901589 is divided by 12901575?
14
Calculate the remainder when 7063608 is divided by 310.
258
What is the remainder when 3402709 is divided by 378069?
88
Calculate the remainder when 51835 is divided by 1155.
1015
Calculate the remainder when 10578670 is divided by 18.
16
Calculate the remainder when 7774648 is divided by 111066.
28
What is the remainder when 274755 is divided by 9811?
47
Calculate the remainder when 57768433 is divided by 947023.
30
What is the remainder when 6230884 is divided by 77886?
4
What is the remainder when 34011742 is divided by 220855?
72
What is the remainder when 97687282 is divided by 12?
10
Calculate the remainder when 215426 is divided by 43074.
56
What is the remainder when 469458 is divided by 3353?
38
Calculate the remainder when 2277961 is divided by 473.
466
Calculate the remainder when 3545998 is divided by 300.
298
Calculate the remainder when 68324 is divided by 6831.
14
What is the remainder when 404256 is divided by 897?
606
What is the remainder when 4519199 is divided by 7?
6
Calculate the remainder when 2025076 is divided by 58.
6
What is the remainder when 748243 is divided by 241?
179
What is the remainder when 2737844 is divided by 195560?
4
What is the remainder when 661152 is divided by 190?
142
What is the remainder when 152576 is divided by 917?
354
Calculate the remainder when 101876 is divided by 1073.
1014
What is the remainder when 14079371 is divided by 154718?
33
Calculate the remainder when 68252055 is divided by 2527853.
24
Calculate the remainder when 3550399 is divided by 355037.
29
Calculate the remainder when 10143 is divided by 1045.
738
Calculate the remainder when 50708 is divided by 13.
8
What is the remainder when 580560 is divided by 159?
51
What is the remainder when 66434224 is divided by 996?
28
What is the remainder when 2557971 is divided by 2648?
3
What is the remainder when 18694999 is divided by 383?
3
Calculate the remainder when 3438 is divided by 3314.
124
Calculate the remainder when 65431 is divided by 1187.
146
Calculate the remainder when 1031123 is divided by 749.
499
What is the remainder when 1670638 is divided by 24212?
10
Calculate the remainder when 9769909 is divided by 98.
93
Calculate the remainder when 5602950 is divided by 47.
33
What is the remainder when 4360 is divided by 240?
40
What is the remainder when 3799769 is divided by 76?
73
What is the remainder when 3043578 is divided by 3619?
3618
What is the remainder when 22761 is divided by 10904?
953
What is the remainder when 19080754 is divided by 312799?
15
Calculate the remainder when 15797609 is divided by 914.
33
What is the remainder when 1037458 is divided by 124?
74
What is the remainder when 72645 is divided by 6595?
100
Calculate the remainder when 2170048 is divided by 391.
389
Calculate the remainder when 2340217 is divided by 212746.
11
Calculate the remainder when 268692 is divided by 288.
276
What is the remainder when 273217 is divided by 1325?
267
What is the remainder when 6973387 is divided by 1394573?
522
Calculate the remainder when 1302272 is divided by 47.
43
Calculate the remainder when 91341 is divided by 9054.
801
Calculate the remainder when 8811447 is divided by 629370.
267
Calculate the remainder when 43823973 is divided by 82531.
12
What is the remainder when 70449256 is divided by 1718274?
22
Calculate the remainder when 3079257 is divided by 2894.
41
Calculate the remainder when 174842 is divided by 226.
144
What is the remainder when 285611 is divided by 28505?
561
What is the remainder when 7943986 is divided by 11910?
16
Calculate the remainder when 903998563 is divided by 28.
27
Calculate the remainder when 37019 is divided by 2037.
353
What is the remainder when 8787220 is divided by 210?
190
Calculate the remainder when 307843 is divided by 76747.
855
Calculate the remainder when 103387 is divided by 1379.
1341
What is the remainder when 23464 is divided by 4621?
359
What is the remainder when 148204 is divided by 21055?
819
What is the remainder when 192693498 is divided by 125?
123
Calculate the remainder when 76610 is divided by 36078.
4454
Calculate the remainder when 122388 is divided by 5315.
143
Calculate the remainder when 9488611 is divided by 698.
697
Calculate the remainder when 51838 is divided by 1294.
78
What is the remainder when 972228445 is divided by 53?
49
What is the remainder when 60173 is divided by 2314?
9
Calculate the remainder when 66722 is divided by 2547.
500
Calculate the remainder when 1602239237 is divided by 4190.
4187
What is the remainder when 214656460 is divided by 22953?
4
Calculate the remainder when 10295339 is divided by 21.
5
What is the remainder when 52780 is divided by 2223?
1651
Calculate the remainder when 6308 is divided by 1201.
303
What is the remainder when 20990 is divided by 6599?
1193
Calculate the remainder when 28297651 is divided by 158.
9
Calculate the remainder when 40380095 is divided by 1121669.
11
What is the remainder when 8725822 is divided by 1615?
1592
Calculat